{"id":1664,"date":"2023-10-30T22:01:08","date_gmt":"2023-10-30T21:01:08","guid":{"rendered":"http:\/\/corsicacyclostage.fr\/?page_id=1664"},"modified":"2026-01-21T16:18:28","modified_gmt":"2026-01-21T15:18:28","slug":"bagages","status":"publish","type":"page","link":"http:\/\/corsicacyclostage.fr\/index.php\/bagages\/","title":{"rendered":"Bagages"},"content":{"rendered":"\n<div class=\"wp-block-buttons is-layout-flex\">\n<div class=\"wp-block-button is-style-outline\"><a class=\"wp-block-button__link has-black-color has-luminous-vivid-amber-to-luminous-vivid-orange-gradient-background has-text-color has-background wp-element-button\" href=\"http:\/\/corsicacyclostage.fr\/wp-content\/uploads\/2026\/01\/Fiche-logistique-2026.pdf\" target=\"_blank\" rel=\"noreferrer noopener\">Fiche logistique individuelle<\/a><\/div>\n<\/div>\n\n\n\n<p>Pour le service bagage (ceux qui participent \u00e0 la Corsica Cyclo GT20 sans v\u00e9hicules suiveurs), nous avons mandat\u00e9 une entreprise pour ce service tr\u00e8s utile qui a fait ses preuves lors des pr\u00e9c\u00e9dentes \u00e9ditions.&nbsp; &nbsp; &nbsp; &nbsp; &nbsp; &nbsp; &nbsp; &nbsp; &nbsp; &nbsp; &nbsp; &nbsp; &nbsp; &nbsp; &nbsp; &nbsp; &nbsp; &nbsp; &nbsp; &nbsp; &nbsp; <\/p>\n\n\n\n<p>Le premier jour (6 Mai), vous pourrez vous rendre depuis le port de Commerce de Bastia au village dpart qui sera situ\u00e9 sur la Place Saint Nicolas de Bastia et d\u00e9poser vos bagages dans le fourgon d\u00fbment d\u00e9sign\u00e9 (voir affichage). Il r\u00e9cup\u00e9rera votre bagage \u00e0 Bastia (lieu de d\u00e9part) pour les d\u00e9poser \u00e0 votre h\u00e9bergement avant votre arriv\u00e9e d\u2019\u00e9tape et viendra les r\u00e9cup\u00e9rer le lendemain dans ce m\u00eame h\u00e9bergement, ceci durant les 5 jours. <\/p>\n\n\n\n<p>Le dimanche 10 Mai ,vous les r\u00e9cup\u00e9rerez au village de Carbini, arriv\u00e9e de la derni\u00e8re \u00e9tape, pour prendre votre douche et vous irez vous-m\u00eame les d\u00e9poser ensuite dans la soute de l\u2019autocar qui vous rapatriera soit vers Ajaccio pour un d\u00e9part bateau le 10 Mai au soir, soit vers Bastia pour un d\u00e9part le 11 Mai au soir (voir affichage). Il en est de m\u00eame pour vos v\u00e9los dans un fourgon (voir affichage) sur Bastia ou Ajaccio.<\/p>\n\n\n\n<p class=\"has-black-color has-text-color\"><strong>D\u00e8s que vous aurez choisi cette option sur Sportn&rsquo;connect, au tarif de 60 euros par bagage, nous vous enverrons avant le <mark style=\"background-color:rgba(0, 0, 0, 0)\" class=\"has-inline-color has-vivid-red-color\">15 Avril 2026<\/mark> un questionnaire complet et pr\u00e9cis \u00e0 remplir. <mark style=\"background-color:rgba(0, 0, 0, 0)\" class=\"has-inline-color has-luminous-vivid-orange-color\">Attention \u26a0\ufe0f vous n&rsquo;aurez le choix que parmi les h\u00e9bergements par \u00e9tape r\u00e9f\u00e9renc\u00e9s sur notre site.<\/mark> <\/strong><\/p>\n\n\n\n<p>Dimensions maximales du bagage :&nbsp; <strong>158 cm total (hauteur + longeur + largeur).<\/strong><\/p>\n\n\n\n<p>Si vous arrivez par avion, nous pouvons vous r\u00e9cup\u00e9rer uniquement la veille du d\u00e9part le 5 Mai 2026 (bagages et v\u00e9lo) et vous v\u00e9hiculer vers nos h\u00e9bergements partenaires sur Bastia \/ Erbalunga (voir r\u00e8glement). Cette prestation est offerte. Nous pourrons de m\u00eame vous ramener \u00e0 l&rsquo;a\u00e9roport le 11 Mai si vous rentrez par avion.<\/p>\n\n\n\n<p><mark style=\"background-color:rgba(0, 0, 0, 0)\" class=\"has-inline-color has-vivid-red-color\"><strong>Les housses v\u00e9lo ne seront pas transport\u00e9es durant l\u2019\u00e9preuve. Pour ceux venant en avion, pr\u00e9voir votre arriv\u00e9e et d\u00e9part sur Bastia avec le m\u00eame h\u00e9bergement partenaire afin que vous puissiez les laisser durant l\u2019\u00e9preuve. Il n\u2019y aura aucune exception<\/strong> !<\/mark><\/p>\n","protected":false},"excerpt":{"rendered":"<p>Pour le service bagage (ceux qui participent \u00e0 la Corsica Cyclo GT20 sans v\u00e9hicules suiveurs), nous avons mandat\u00e9 une entreprise pour ce service tr\u00e8s utile qui a fait ses preuves lors des pr\u00e9c\u00e9dentes \u00e9ditions.&nbsp; &nbsp; &nbsp; &nbsp; &nbsp; &nbsp; &nbsp; &nbsp; &nbsp; &nbsp; &nbsp; &nbsp; &nbsp; &nbsp; &nbsp; &nbsp; &nbsp; &nbsp; &nbsp; &nbsp; &nbsp; Le&hellip;<\/p>\n","protected":false},"author":1,"featured_media":0,"parent":0,"menu_order":0,"comment_status":"closed","ping_status":"closed","template":"","meta":[],"_links":{"self":[{"href":"http:\/\/corsicacyclostage.fr\/index.php\/wp-json\/wp\/v2\/pages\/1664"}],"collection":[{"href":"http:\/\/corsicacyclostage.fr\/index.php\/wp-json\/wp\/v2\/pages"}],"about":[{"href":"http:\/\/corsicacyclostage.fr\/index.php\/wp-json\/wp\/v2\/types\/page"}],"author":[{"embeddable":true,"href":"http:\/\/corsicacyclostage.fr\/index.php\/wp-json\/wp\/v2\/users\/1"}],"replies":[{"embeddable":true,"href":"http:\/\/corsicacyclostage.fr\/index.php\/wp-json\/wp\/v2\/comments?post=1664"}],"version-history":[{"count":13,"href":"http:\/\/corsicacyclostage.fr\/index.php\/wp-json\/wp\/v2\/pages\/1664\/revisions"}],"predecessor-version":[{"id":2449,"href":"http:\/\/corsicacyclostage.fr\/index.php\/wp-json\/wp\/v2\/pages\/1664\/revisions\/2449"}],"wp:attachment":[{"href":"http:\/\/corsicacyclostage.fr\/index.php\/wp-json\/wp\/v2\/media?parent=1664"}],"curies":[{"name":"wp","href":"https:\/\/api.w.org\/{rel}","templated":true}]}}

<div class="wp-block-buttons is-layout-flex">
<div class="wp-block-button is-style-outline"><a class="wp-block-button__link has-black-color has-luminous-vivid-amber-to-luminous-vivid-orange-gradient-background has-text-color has-background wp-element-button" href="http://corsicacyclostage.fr/wp-content/uploads/2026/01/Fiche-logistique-2026.pdf" target="_blank" rel="noreferrer noopener">Fiche logistique individuelle</a></div>
</div>



<p>Pour le service bagage (ceux qui participent à la Corsica Cyclo GT20 sans véhicules suiveurs), nous avons mandaté une entreprise pour ce service très utile qui a fait ses preuves lors des précédentes éditions.&nbsp; &nbsp; &nbsp; &nbsp; &nbsp; &nbsp; &nbsp; &nbsp; &nbsp; &nbsp; &nbsp; &nbsp; &nbsp; &nbsp; &nbsp; &nbsp; &nbsp; &nbsp; &nbsp; &nbsp; &nbsp; </p>



<p>Le premier jour (6 Mai), vous pourrez vous rendre depuis le port de Commerce de Bastia au village dpart qui sera situé sur la Place Saint Nicolas de Bastia et déposer vos bagages dans le fourgon dûment désigné (voir affichage). Il récupérera votre bagage à Bastia (lieu de départ) pour les déposer à votre hébergement avant votre arrivée d’étape et viendra les récupérer le lendemain dans ce même hébergement, ceci durant les 5 jours. </p>



<p>Le dimanche 10 Mai ,vous les récupérerez au village de Carbini, arrivée de la dernière étape, pour prendre votre douche et vous irez vous-même les déposer ensuite dans la soute de l’autocar qui vous rapatriera soit vers Ajaccio pour un départ bateau le 10 Mai au soir, soit vers Bastia pour un départ le 11 Mai au soir (voir affichage). Il en est de même pour vos vélos dans un fourgon (voir affichage) sur Bastia ou Ajaccio.</p>



<p class="has-black-color has-text-color"><strong>Dès que vous aurez choisi cette option sur Sportn&rsquo;connect, au tarif de 60 euros par bagage, nous vous enverrons avant le <mark style="background-color:rgba(0, 0, 0, 0)" class="has-inline-color has-vivid-red-color">15 Avril 2026</mark> un questionnaire complet et précis à remplir. <mark style="background-color:rgba(0, 0, 0, 0)" class="has-inline-color has-luminous-vivid-orange-color">Attention ⚠️ vous n&rsquo;aurez le choix que parmi les hébergements par étape référencés sur notre site.</mark> </strong></p>



<p>Dimensions maximales du bagage :&nbsp; <strong>158 cm total (hauteur + longeur + largeur).</strong></p>



<p>Si vous arrivez par avion, nous pouvons vous récupérer uniquement la veille du départ le 5 Mai 2026 (bagages et vélo) et vous véhiculer vers nos hébergements partenaires sur Bastia / Erbalunga (voir règlement). Cette prestation est offerte. Nous pourrons de même vous ramener à l&rsquo;aéroport le 11 Mai si vous rentrez par avion.</p>



<p><mark style="background-color:rgba(0, 0, 0, 0)" class="has-inline-color has-vivid-red-color"><strong>Les housses vélo ne seront pas transportées durant l’épreuve. Pour ceux venant en avion, prévoir votre arrivée et départ sur Bastia avec le même hébergement partenaire afin que vous puissiez les laisser durant l’épreuve. Il n’y aura aucune exception</strong> !</mark></p>

<p>Pour le service bagage (ceux qui participent à la Corsica Cyclo GT20 sans véhicules suiveurs), nous avons mandaté une entreprise pour ce service très utile qui a fait ses preuves lors des précédentes éditions.&nbsp; &nbsp; &nbsp; &nbsp; &nbsp; &nbsp; &nbsp; &nbsp; &nbsp; &nbsp; &nbsp; &nbsp; &nbsp; &nbsp; &nbsp; &nbsp; &nbsp; &nbsp; &nbsp; &nbsp; &nbsp; Le&hellip;</p>
