{"id":2420,"date":"2026-01-19T16:42:06","date_gmt":"2026-01-19T15:42:06","guid":{"rendered":"https:\/\/corsicacyclostage.fr\/?page_id=2420"},"modified":"2026-01-19T16:45:19","modified_gmt":"2026-01-19T15:45:19","slug":"modele-certificat-medical","status":"publish","type":"page","link":"http:\/\/corsicacyclostage.fr\/index.php\/modele-certificat-medical\/","title":{"rendered":"MODELE CERTIFICAT MEDICAL"},"content":{"rendered":"\n<div class=\"wp-block-buttons is-layout-flex\">\n<div class=\"wp-block-button is-style-outline\"><a class=\"wp-block-button__link has-black-color has-luminous-vivid-amber-to-luminous-vivid-orange-gradient-background has-text-color has-background wp-element-button\" href=\"http:\/\/corsicacyclostage.fr\/wp-content\/uploads\/2026\/01\/Certificat-medical-2026.pdf\" target=\"_blank\" rel=\"noreferrer noopener\">Certificat m\u00e9dical pour ceux ayant choisi le mode chronom\u00e9tr\u00e9, obligatoire si pas de licence cycliste<\/a><\/div>\n<\/div>\n\n\n\n<p><\/p>\n\n\n\n<p><\/p>\n\n\n\n<div class=\"wp-block-buttons is-layout-flex\">\n<div class=\"wp-block-button is-style-outline\"><a class=\"wp-block-button__link has-black-color has-electric-grass-gradient-background has-text-color has-background wp-element-button\" href=\"http:\/\/corsicacyclostage.fr\/wp-content\/uploads\/2026\/01\/Certificat-medical-v2-2026.pdf\" target=\"_blank\" rel=\"noreferrer noopener\">Certificat m\u00e9dical pour ceux ayant choisi le mode RANDONNEE ou V.A.E.<\/a><\/div>\n<\/div>\n","protected":false},"excerpt":{"rendered":"","protected":false},"author":1,"featured_media":0,"parent":0,"menu_order":0,"comment_status":"closed","ping_status":"closed","template":"","meta":[],"_links":{"self":[{"href":"http:\/\/corsicacyclostage.fr\/index.php\/wp-json\/wp\/v2\/pages\/2420"}],"collection":[{"href":"http:\/\/corsicacyclostage.fr\/index.php\/wp-json\/wp\/v2\/pages"}],"about":[{"href":"http:\/\/corsicacyclostage.fr\/index.php\/wp-json\/wp\/v2\/types\/page"}],"author":[{"embeddable":true,"href":"http:\/\/corsicacyclostage.fr\/index.php\/wp-json\/wp\/v2\/users\/1"}],"replies":[{"embeddable":true,"href":"http:\/\/corsicacyclostage.fr\/index.php\/wp-json\/wp\/v2\/comments?post=2420"}],"version-history":[{"count":4,"href":"http:\/\/corsicacyclostage.fr\/index.php\/wp-json\/wp\/v2\/pages\/2420\/revisions"}],"predecessor-version":[{"id":2428,"href":"http:\/\/corsicacyclostage.fr\/index.php\/wp-json\/wp\/v2\/pages\/2420\/revisions\/2428"}],"wp:attachment":[{"href":"http:\/\/corsicacyclostage.fr\/index.php\/wp-json\/wp\/v2\/media?parent=2420"}],"curies":[{"name":"wp","href":"https:\/\/api.w.org\/{rel}","templated":true}]}}